{"id":55,"date":"2017-03-28T09:20:42","date_gmt":"2017-03-28T07:20:42","guid":{"rendered":"http:\/\/thomasfischer.at\/wordpress\/?page_id=55"},"modified":"2024-06-07T02:57:13","modified_gmt":"2024-06-07T00:57:13","slug":"startseite-2","status":"publish","type":"page","link":"http:\/\/thomasfischer.at\/wordpress\/","title":{"rendered":"Pers\u00f6nliche Begleitung f\u00fcr psychische St\u00e4rke und Lebensbalance"},"content":{"rendered":"\n<p>&nbsp;<\/p>\n\n\n\n<p class=\"has-text-align-center\"><\/p>\n\n\n<p>Sie befinden sich mit sich oder Ihrem Umfeld in st\u00fcrmischen Zeiten und haben das Gef\u00fchl, Sie drohen zu kentern?<\/p>\n<p>Sie sind mit Themen wie Verlust, Einsamkeit, Trauer, Trennung, Liebeskummer oder traumatischen Erlebnissen gestrandet und haben Angst davor, ihr (Lebens-) Schiff nicht wieder flott zu kriegen?<\/p>\n<p>Sie befinden sich aufgrund von Umbruchsituationen oder Selbstwertkrisen auf Kollisionskurs und verm\u00f6gen f\u00fcr den Moment nicht das Ruder rumzurei\u00dfen?<\/p>\n<p>In meiner psychologischen Beratungs-Praxis biete ich Ihnen einen Ankerplatz im gesch\u00fctzten Bereich, damit Sie aus eigener Kraft neue Perspektiven und L\u00f6sungen entwickeln k\u00f6nnen, um den Kurs neu zu setzen.<\/p>\n<p style=\"text-align: center;\"><strong>Psychologische Beratung in Konflikt- und Entscheidungssituationen<\/strong><\/p>\n<p style=\"text-align: center;\"><strong>Hilfe bei aktuellen Lebenskrisen<\/strong><\/p>\n<p style=\"text-align: center;\"><strong>Liebeskummer-Coaching nach <a href=\"https:\/\/www.liebeskummer-praxis.de\/\">Silvia Fauck<\/a><\/strong><\/p>\n<p style=\"text-align: center;\"><strong>Supervision &#8211; Mediation &#8211; Coaching<\/strong><\/p>\n<p style=\"text-align: center;\">Vor Ort in Wien\u00a0\u00a0\u00a0\u00a0\u00a0\u00a0\u00a0\u00a0\u00a0\u00a0\u00a0\u00a0\u00a0\u00a0\u00a0\u00a0\u00a0\u00a0\u00a0\u00a0\u00a0<a href=\"http:\/\/thomasfischer.at\/wordpress\/online-beratung\/\"> Online-Beratung<\/a><\/p>\n<p style=\"text-align: center;\"><strong>Update: F\u00fcr den Moment sind lediglich Online-Beratungen m\u00f6glich.<\/strong><\/p>\n<p style=\"text-align: center;\">Ich freue mich, Sie\u00a0 in B\u00e4lde\u00a0 wieder in meinem Praxisraum begr\u00fc\u00dfen zu d\u00fcrfen.<\/p>\n<p><strong>Thomas Fischer<\/strong><\/p>\n<p>Diplom-Volkswirt<\/p>\n<p>Diplom-Sozialp\u00e4dagoge<br \/>Lebens-und Sozialberater<br \/>Counselor grad., BVPPT<br \/>Psychologischer Berater<br \/>P\u00e4dagogisch-therapeutischer Berater<\/p>\n<p>Kochgasse 34\/3<\/p>\n<p>1080 Wien<\/p>\n<p>+43\u00a0680 1421 285 (F\u00fcr \u00d6sterreich)<\/p>\n<p>+49 1573 1746913 (F\u00fcr Deutschland)<\/p>\n<p>info@thomasfischer.at<\/p>","protected":false},"excerpt":{"rendered":"<p>&nbsp; Sie befinden sich mit sich oder Ihrem Umfeld in st\u00fcrmischen Zeiten und haben das Gef\u00fchl, Sie drohen zu kentern? Sie sind mit Themen wie Verlust, Einsamkeit, Trauer, Trennung, Liebeskummer oder traumatischen Erlebnissen gestrandet und haben Angst davor, ihr (Lebens-) Schiff nicht wieder flott zu kriegen? Sie befinden sich aufgrund von Umbruchsituationen oder Selbstwertkrisen auf [&hellip;]<\/p>\n","protected":false},"author":1,"featured_media":164,"parent":0,"menu_order":0,"comment_status":"closed","ping_status":"closed","template":"","meta":{"om_disable_all_campaigns":false,"footnotes":""},"class_list":["post-55","page","type-page","status-publish","has-post-thumbnail","hentry"],"yoast_head":"<!-- This site is optimized with the Yoast SEO plugin v23.5 - https:\/\/yoast.com\/wordpress\/plugins\/seo\/ -->\n<title>Pers\u00f6nliche Begleitung f\u00fcr psychische St\u00e4rke und Lebensbalance - Thomas Fischer % % % % % %<\/title>\n<meta name=\"description\" content=\"Psychologische Hilfe bei Verlust Trauer Einsamkeit Liebeskummer-Coaching Selbstwertkrisen Nachthotline Liebeskummer info: +43 680 1421285\" \/>\n<meta name=\"robots\" content=\"index, follow, max-snippet:-1, max-image-preview:large, max-video-preview:-1\" \/>\n<link rel=\"canonical\" href=\"http:\/\/thomasfischer.at\/wordpress\/\" \/>\n<meta property=\"og:locale\" content=\"de_DE\" \/>\n<meta property=\"og:type\" content=\"article\" \/>\n<meta property=\"og:title\" content=\"Pers\u00f6nliche Begleitung f\u00fcr psychische St\u00e4rke und Lebensbalance - Thomas Fischer % % % % % %\" \/>\n<meta property=\"og:description\" content=\"Psychologische Hilfe bei Verlust Trauer Einsamkeit Liebeskummer-Coaching Selbstwertkrisen Nachthotline Liebeskummer info: +43 680 1421285\" \/>\n<meta property=\"og:url\" content=\"http:\/\/thomasfischer.at\/wordpress\/\" \/>\n<meta property=\"og:site_name\" content=\"Thomas Fischer\" \/>\n<meta property=\"article:modified_time\" content=\"2024-06-07T00:57:13+00:00\" \/>\n<meta property=\"og:image\" content=\"http:\/\/thomasfischer.at\/wordpress\/wp-content\/uploads\/2017\/03\/water-lily-1857350_zs_logo.jpg\" \/>\n\t<meta property=\"og:image:width\" content=\"891\" \/>\n\t<meta property=\"og:image:height\" content=\"281\" \/>\n\t<meta property=\"og:image:type\" content=\"image\/jpeg\" \/>\n<script type=\"application\/ld+json\" class=\"yoast-schema-graph\">{\"@context\":\"https:\/\/schema.org\",\"@graph\":[{\"@type\":\"WebPage\",\"@id\":\"http:\/\/thomasfischer.at\/wordpress\/\",\"url\":\"http:\/\/thomasfischer.at\/wordpress\/\",\"name\":\"Pers\u00f6nliche Begleitung f\u00fcr psychische St\u00e4rke und Lebensbalance - Thomas Fischer % % % % % %\",\"isPartOf\":{\"@id\":\"http:\/\/thomasfischer.at\/wordpress\/#website\"},\"primaryImageOfPage\":{\"@id\":\"http:\/\/thomasfischer.at\/wordpress\/#primaryimage\"},\"image\":{\"@id\":\"http:\/\/thomasfischer.at\/wordpress\/#primaryimage\"},\"thumbnailUrl\":\"http:\/\/thomasfischer.at\/wordpress\/wp-content\/uploads\/2017\/03\/water-lily-1857350_zs_logo.jpg\",\"datePublished\":\"2017-03-28T07:20:42+00:00\",\"dateModified\":\"2024-06-07T00:57:13+00:00\",\"description\":\"Psychologische Hilfe bei Verlust Trauer Einsamkeit Liebeskummer-Coaching Selbstwertkrisen Nachthotline Liebeskummer info: +43 680 1421285\",\"breadcrumb\":{\"@id\":\"http:\/\/thomasfischer.at\/wordpress\/#breadcrumb\"},\"inLanguage\":\"de\",\"potentialAction\":[{\"@type\":\"ReadAction\",\"target\":[\"http:\/\/thomasfischer.at\/wordpress\/\"]}]},{\"@type\":\"ImageObject\",\"inLanguage\":\"de\",\"@id\":\"http:\/\/thomasfischer.at\/wordpress\/#primaryimage\",\"url\":\"http:\/\/thomasfischer.at\/wordpress\/wp-content\/uploads\/2017\/03\/water-lily-1857350_zs_logo.jpg\",\"contentUrl\":\"http:\/\/thomasfischer.at\/wordpress\/wp-content\/uploads\/2017\/03\/water-lily-1857350_zs_logo.jpg\",\"width\":891,\"height\":281},{\"@type\":\"BreadcrumbList\",\"@id\":\"http:\/\/thomasfischer.at\/wordpress\/#breadcrumb\",\"itemListElement\":[{\"@type\":\"ListItem\",\"position\":1,\"name\":\"Startseite\",\"item\":\"http:\/\/thomasfischer.at\/wordpress\/\"},{\"@type\":\"ListItem\",\"position\":2,\"name\":\"Pers\u00f6nliche Begleitung f\u00fcr psychische St\u00e4rke und Lebensbalance\"}]},{\"@type\":\"WebSite\",\"@id\":\"http:\/\/thomasfischer.at\/wordpress\/#website\",\"url\":\"http:\/\/thomasfischer.at\/wordpress\/\",\"name\":\"Praxis Thomas Fischer\",\"description\":\"\",\"publisher\":{\"@id\":\"http:\/\/thomasfischer.at\/wordpress\/#\/schema\/person\/0750b11a010b564498ba0aa431f36ec0\"},\"potentialAction\":[{\"@type\":\"SearchAction\",\"target\":{\"@type\":\"EntryPoint\",\"urlTemplate\":\"http:\/\/thomasfischer.at\/wordpress\/?s={search_term_string}\"},\"query-input\":{\"@type\":\"PropertyValueSpecification\",\"valueRequired\":true,\"valueName\":\"search_term_string\"}}],\"inLanguage\":\"de\"},{\"@type\":[\"Person\",\"Organization\"],\"@id\":\"http:\/\/thomasfischer.at\/wordpress\/#\/schema\/person\/0750b11a010b564498ba0aa431f36ec0\",\"name\":\"Thomas Fischer\",\"image\":{\"@type\":\"ImageObject\",\"inLanguage\":\"de\",\"@id\":\"http:\/\/thomasfischer.at\/wordpress\/#\/schema\/person\/image\/\",\"url\":\"http:\/\/2.gravatar.com\/avatar\/26c75301a20a16dd69cb304ec4ada93c?s=96&d=mm&r=g\",\"contentUrl\":\"http:\/\/2.gravatar.com\/avatar\/26c75301a20a16dd69cb304ec4ada93c?s=96&d=mm&r=g\",\"caption\":\"Thomas Fischer\"},\"logo\":{\"@id\":\"http:\/\/thomasfischer.at\/wordpress\/#\/schema\/person\/image\/\"},\"sameAs\":[\"http:\/\/thomasfischer.at\"]}]}<\/script>\n<!-- \/ Yoast SEO plugin. -->","yoast_head_json":{"title":"Pers\u00f6nliche Begleitung f\u00fcr psychische St\u00e4rke und Lebensbalance - Thomas Fischer % % % % % %","description":"Psychologische Hilfe bei Verlust Trauer Einsamkeit Liebeskummer-Coaching Selbstwertkrisen Nachthotline Liebeskummer info: +43 680 1421285","robots":{"index":"index","follow":"follow","max-snippet":"max-snippet:-1","max-image-preview":"max-image-preview:large","max-video-preview":"max-video-preview:-1"},"canonical":"http:\/\/thomasfischer.at\/wordpress\/","og_locale":"de_DE","og_type":"article","og_title":"Pers\u00f6nliche Begleitung f\u00fcr psychische St\u00e4rke und Lebensbalance - Thomas Fischer % % % % % %","og_description":"Psychologische Hilfe bei Verlust Trauer Einsamkeit Liebeskummer-Coaching Selbstwertkrisen Nachthotline Liebeskummer info: +43 680 1421285","og_url":"http:\/\/thomasfischer.at\/wordpress\/","og_site_name":"Thomas Fischer","article_modified_time":"2024-06-07T00:57:13+00:00","og_image":[{"width":891,"height":281,"url":"http:\/\/thomasfischer.at\/wordpress\/wp-content\/uploads\/2017\/03\/water-lily-1857350_zs_logo.jpg","type":"image\/jpeg"}],"schema":{"@context":"https:\/\/schema.org","@graph":[{"@type":"WebPage","@id":"http:\/\/thomasfischer.at\/wordpress\/","url":"http:\/\/thomasfischer.at\/wordpress\/","name":"Pers\u00f6nliche Begleitung f\u00fcr psychische St\u00e4rke und Lebensbalance - Thomas Fischer % % % % % %","isPartOf":{"@id":"http:\/\/thomasfischer.at\/wordpress\/#website"},"primaryImageOfPage":{"@id":"http:\/\/thomasfischer.at\/wordpress\/#primaryimage"},"image":{"@id":"http:\/\/thomasfischer.at\/wordpress\/#primaryimage"},"thumbnailUrl":"http:\/\/thomasfischer.at\/wordpress\/wp-content\/uploads\/2017\/03\/water-lily-1857350_zs_logo.jpg","datePublished":"2017-03-28T07:20:42+00:00","dateModified":"2024-06-07T00:57:13+00:00","description":"Psychologische Hilfe bei Verlust Trauer Einsamkeit Liebeskummer-Coaching Selbstwertkrisen Nachthotline Liebeskummer info: +43 680 1421285","breadcrumb":{"@id":"http:\/\/thomasfischer.at\/wordpress\/#breadcrumb"},"inLanguage":"de","potentialAction":[{"@type":"ReadAction","target":["http:\/\/thomasfischer.at\/wordpress\/"]}]},{"@type":"ImageObject","inLanguage":"de","@id":"http:\/\/thomasfischer.at\/wordpress\/#primaryimage","url":"http:\/\/thomasfischer.at\/wordpress\/wp-content\/uploads\/2017\/03\/water-lily-1857350_zs_logo.jpg","contentUrl":"http:\/\/thomasfischer.at\/wordpress\/wp-content\/uploads\/2017\/03\/water-lily-1857350_zs_logo.jpg","width":891,"height":281},{"@type":"BreadcrumbList","@id":"http:\/\/thomasfischer.at\/wordpress\/#breadcrumb","itemListElement":[{"@type":"ListItem","position":1,"name":"Startseite","item":"http:\/\/thomasfischer.at\/wordpress\/"},{"@type":"ListItem","position":2,"name":"Pers\u00f6nliche Begleitung f\u00fcr psychische St\u00e4rke und Lebensbalance"}]},{"@type":"WebSite","@id":"http:\/\/thomasfischer.at\/wordpress\/#website","url":"http:\/\/thomasfischer.at\/wordpress\/","name":"Praxis Thomas Fischer","description":"","publisher":{"@id":"http:\/\/thomasfischer.at\/wordpress\/#\/schema\/person\/0750b11a010b564498ba0aa431f36ec0"},"potentialAction":[{"@type":"SearchAction","target":{"@type":"EntryPoint","urlTemplate":"http:\/\/thomasfischer.at\/wordpress\/?s={search_term_string}"},"query-input":{"@type":"PropertyValueSpecification","valueRequired":true,"valueName":"search_term_string"}}],"inLanguage":"de"},{"@type":["Person","Organization"],"@id":"http:\/\/thomasfischer.at\/wordpress\/#\/schema\/person\/0750b11a010b564498ba0aa431f36ec0","name":"Thomas Fischer","image":{"@type":"ImageObject","inLanguage":"de","@id":"http:\/\/thomasfischer.at\/wordpress\/#\/schema\/person\/image\/","url":"http:\/\/2.gravatar.com\/avatar\/26c75301a20a16dd69cb304ec4ada93c?s=96&d=mm&r=g","contentUrl":"http:\/\/2.gravatar.com\/avatar\/26c75301a20a16dd69cb304ec4ada93c?s=96&d=mm&r=g","caption":"Thomas Fischer"},"logo":{"@id":"http:\/\/thomasfischer.at\/wordpress\/#\/schema\/person\/image\/"},"sameAs":["http:\/\/thomasfischer.at"]}]}},"_links":{"self":[{"href":"http:\/\/thomasfischer.at\/wordpress\/wp-json\/wp\/v2\/pages\/55"}],"collection":[{"href":"http:\/\/thomasfischer.at\/wordpress\/wp-json\/wp\/v2\/pages"}],"about":[{"href":"http:\/\/thomasfischer.at\/wordpress\/wp-json\/wp\/v2\/types\/page"}],"author":[{"embeddable":true,"href":"http:\/\/thomasfischer.at\/wordpress\/wp-json\/wp\/v2\/users\/1"}],"replies":[{"embeddable":true,"href":"http:\/\/thomasfischer.at\/wordpress\/wp-json\/wp\/v2\/comments?post=55"}],"version-history":[{"count":29,"href":"http:\/\/thomasfischer.at\/wordpress\/wp-json\/wp\/v2\/pages\/55\/revisions"}],"predecessor-version":[{"id":430,"href":"http:\/\/thomasfischer.at\/wordpress\/wp-json\/wp\/v2\/pages\/55\/revisions\/430"}],"wp:featuredmedia":[{"embeddable":true,"href":"http:\/\/thomasfischer.at\/wordpress\/wp-json\/wp\/v2\/media\/164"}],"wp:attachment":[{"href":"http:\/\/thomasfischer.at\/wordpress\/wp-json\/wp\/v2\/media?parent=55"}],"curies":[{"name":"wp","href":"https:\/\/api.w.org\/{rel}","templated":true}]}}