{"id":437,"date":"2024-07-07T21:42:34","date_gmt":"2024-07-07T19:42:34","guid":{"rendered":"https:\/\/thomasfischer.at\/wordpress\/?page_id=437"},"modified":"2024-07-07T23:25:45","modified_gmt":"2024-07-07T21:25:45","slug":"vaeter-coaching","status":"publish","type":"page","link":"http:\/\/thomasfischer.at\/wordpress\/vaeter-coaching\/","title":{"rendered":"V\u00e4ter-Coaching"},"content":{"rendered":"\n<figure class=\"wp-block-image size-large\"><img loading=\"lazy\" decoding=\"async\" width=\"1024\" height=\"683\" src=\"https:\/\/thomasfischer.at\/wordpress\/wp-content\/uploads\/2024\/07\/pexels-juanpphotoandvideo-1250452-1024x683.jpg\" alt=\"\" class=\"wp-image-449\" srcset=\"http:\/\/thomasfischer.at\/wordpress\/wp-content\/uploads\/2024\/07\/pexels-juanpphotoandvideo-1250452-1024x683.jpg 1024w, http:\/\/thomasfischer.at\/wordpress\/wp-content\/uploads\/2024\/07\/pexels-juanpphotoandvideo-1250452-300x200.jpg 300w, http:\/\/thomasfischer.at\/wordpress\/wp-content\/uploads\/2024\/07\/pexels-juanpphotoandvideo-1250452-768x512.jpg 768w, http:\/\/thomasfischer.at\/wordpress\/wp-content\/uploads\/2024\/07\/pexels-juanpphotoandvideo-1250452-1536x1024.jpg 1536w, http:\/\/thomasfischer.at\/wordpress\/wp-content\/uploads\/2024\/07\/pexels-juanpphotoandvideo-1250452-2048x1365.jpg 2048w\" sizes=\"(max-width: 1024px) 100vw, 1024px\" \/><\/figure>\n\n\n\n<p class=\"has-text-align-center\"><strong>Starke V\u00e4ter, starke Kinder!<\/strong><\/p>\n\n\n\n<p>Mein V\u00e4ter-Coaching untest\u00fctzt Sie dabei, Ihre Vaterrolle zu reflektieren, neue Perspektiven zu gewinnen und Ihre Beziehung zu Ihren Kindern zu st\u00e4rken.<\/p>\n\n\n\n<p><strong>Themen im V\u00e4ter-Coaching:<\/strong><\/p>\n\n\n\n<ul class=\"wp-block-list\">\n<li>Vater-Kind-Beziehung<\/li>\n\n\n\n<li>Erziehung und Kommunikation<\/li>\n\n\n\n<li>Konflikte l\u00f6sen<\/li>\n\n\n\n<li>Vaterrolle und Partnerschaft<\/li>\n<\/ul>\n\n\n\n<p><strong>Nutzen von V\u00e4ter-Coaching:<\/strong><\/p>\n\n\n\n<ul class=\"wp-block-list\">\n<li>Erh\u00f6htes Selbstbewu\u00dftsein als Vater<\/li>\n\n\n\n<li>Verbesserte Vater-Kind-Beziehung<\/li>\n\n\n\n<li>St\u00e4rkere Kommunikation in der Familie<\/li>\n\n\n\n<li>Mehr Freude und Zufriedenheit in der Vaterschaft<\/li>\n<\/ul>\n\n\n\n<p class=\"has-text-align-center\"><a href=\"https:\/\/thomasfischer.at\/wordpress\/book-appointment\/\"><strong>Vereinbaren Sie jetzt einen Termin<\/strong>:<\/a><\/p>\n","protected":false},"excerpt":{"rendered":"<p>Starke V\u00e4ter, starke Kinder! Mein V\u00e4ter-Coaching untest\u00fctzt Sie dabei, Ihre Vaterrolle zu reflektieren, neue Perspektiven zu gewinnen und Ihre Beziehung zu Ihren Kindern zu st\u00e4rken. Themen im V\u00e4ter-Coaching: Nutzen von V\u00e4ter-Coaching: Vereinbaren Sie jetzt einen Termin:<\/p>\n","protected":false},"author":1,"featured_media":0,"parent":0,"menu_order":0,"comment_status":"closed","ping_status":"closed","template":"","meta":{"om_disable_all_campaigns":false,"footnotes":""},"class_list":["post-437","page","type-page","status-publish","hentry"],"yoast_head":"<!-- This site is optimized with the Yoast SEO plugin v23.5 - https:\/\/yoast.com\/wordpress\/plugins\/seo\/ -->\n<title>V\u00e4ter-Coaching - Thomas Fischer % % % % % %<\/title>\n<meta name=\"description\" content=\"Starke V\u00e4ter, starke Kinder ! V\u00e4terberatung online !\" \/>\n<meta name=\"robots\" content=\"index, follow, max-snippet:-1, max-image-preview:large, max-video-preview:-1\" \/>\n<link rel=\"canonical\" href=\"http:\/\/thomasfischer.at\/wordpress\/vaeter-coaching\/\" \/>\n<meta property=\"og:locale\" content=\"de_DE\" \/>\n<meta property=\"og:type\" content=\"article\" \/>\n<meta property=\"og:title\" content=\"V\u00e4ter-Coaching - Thomas Fischer % % % % % %\" \/>\n<meta property=\"og:description\" content=\"Starke V\u00e4ter, starke Kinder ! V\u00e4terberatung online !\" \/>\n<meta property=\"og:url\" content=\"http:\/\/thomasfischer.at\/wordpress\/vaeter-coaching\/\" \/>\n<meta property=\"og:site_name\" content=\"Thomas Fischer\" \/>\n<meta property=\"article:modified_time\" content=\"2024-07-07T21:25:45+00:00\" \/>\n<meta property=\"og:image\" content=\"https:\/\/thomasfischer.at\/wordpress\/wp-content\/uploads\/2024\/07\/pexels-juanpphotoandvideo-1250452-1024x683.jpg\" \/>\n<script type=\"application\/ld+json\" class=\"yoast-schema-graph\">{\"@context\":\"https:\/\/schema.org\",\"@graph\":[{\"@type\":\"WebPage\",\"@id\":\"http:\/\/thomasfischer.at\/wordpress\/vaeter-coaching\/\",\"url\":\"http:\/\/thomasfischer.at\/wordpress\/vaeter-coaching\/\",\"name\":\"V\u00e4ter-Coaching - Thomas Fischer % % % % % %\",\"isPartOf\":{\"@id\":\"http:\/\/thomasfischer.at\/wordpress\/#website\"},\"primaryImageOfPage\":{\"@id\":\"http:\/\/thomasfischer.at\/wordpress\/vaeter-coaching\/#primaryimage\"},\"image\":{\"@id\":\"http:\/\/thomasfischer.at\/wordpress\/vaeter-coaching\/#primaryimage\"},\"thumbnailUrl\":\"https:\/\/thomasfischer.at\/wordpress\/wp-content\/uploads\/2024\/07\/pexels-juanpphotoandvideo-1250452-1024x683.jpg\",\"datePublished\":\"2024-07-07T19:42:34+00:00\",\"dateModified\":\"2024-07-07T21:25:45+00:00\",\"description\":\"Starke V\u00e4ter, starke Kinder ! V\u00e4terberatung online !\",\"breadcrumb\":{\"@id\":\"http:\/\/thomasfischer.at\/wordpress\/vaeter-coaching\/#breadcrumb\"},\"inLanguage\":\"de\",\"potentialAction\":[{\"@type\":\"ReadAction\",\"target\":[\"http:\/\/thomasfischer.at\/wordpress\/vaeter-coaching\/\"]}]},{\"@type\":\"ImageObject\",\"inLanguage\":\"de\",\"@id\":\"http:\/\/thomasfischer.at\/wordpress\/vaeter-coaching\/#primaryimage\",\"url\":\"http:\/\/thomasfischer.at\/wordpress\/wp-content\/uploads\/2024\/07\/pexels-juanpphotoandvideo-1250452-scaled.jpg\",\"contentUrl\":\"http:\/\/thomasfischer.at\/wordpress\/wp-content\/uploads\/2024\/07\/pexels-juanpphotoandvideo-1250452-scaled.jpg\",\"width\":2560,\"height\":1707},{\"@type\":\"BreadcrumbList\",\"@id\":\"http:\/\/thomasfischer.at\/wordpress\/vaeter-coaching\/#breadcrumb\",\"itemListElement\":[{\"@type\":\"ListItem\",\"position\":1,\"name\":\"Startseite\",\"item\":\"http:\/\/thomasfischer.at\/wordpress\/\"},{\"@type\":\"ListItem\",\"position\":2,\"name\":\"V\u00e4ter-Coaching\"}]},{\"@type\":\"WebSite\",\"@id\":\"http:\/\/thomasfischer.at\/wordpress\/#website\",\"url\":\"http:\/\/thomasfischer.at\/wordpress\/\",\"name\":\"Praxis Thomas Fischer\",\"description\":\"\",\"publisher\":{\"@id\":\"http:\/\/thomasfischer.at\/wordpress\/#\/schema\/person\/0750b11a010b564498ba0aa431f36ec0\"},\"potentialAction\":[{\"@type\":\"SearchAction\",\"target\":{\"@type\":\"EntryPoint\",\"urlTemplate\":\"http:\/\/thomasfischer.at\/wordpress\/?s={search_term_string}\"},\"query-input\":{\"@type\":\"PropertyValueSpecification\",\"valueRequired\":true,\"valueName\":\"search_term_string\"}}],\"inLanguage\":\"de\"},{\"@type\":[\"Person\",\"Organization\"],\"@id\":\"http:\/\/thomasfischer.at\/wordpress\/#\/schema\/person\/0750b11a010b564498ba0aa431f36ec0\",\"name\":\"Thomas Fischer\",\"image\":{\"@type\":\"ImageObject\",\"inLanguage\":\"de\",\"@id\":\"http:\/\/thomasfischer.at\/wordpress\/#\/schema\/person\/image\/\",\"url\":\"http:\/\/2.gravatar.com\/avatar\/26c75301a20a16dd69cb304ec4ada93c?s=96&d=mm&r=g\",\"contentUrl\":\"http:\/\/2.gravatar.com\/avatar\/26c75301a20a16dd69cb304ec4ada93c?s=96&d=mm&r=g\",\"caption\":\"Thomas Fischer\"},\"logo\":{\"@id\":\"http:\/\/thomasfischer.at\/wordpress\/#\/schema\/person\/image\/\"},\"sameAs\":[\"http:\/\/thomasfischer.at\"]}]}<\/script>\n<!-- \/ Yoast SEO plugin. -->","yoast_head_json":{"title":"V\u00e4ter-Coaching - Thomas Fischer % % % % % %","description":"Starke V\u00e4ter, starke Kinder ! V\u00e4terberatung online !","robots":{"index":"index","follow":"follow","max-snippet":"max-snippet:-1","max-image-preview":"max-image-preview:large","max-video-preview":"max-video-preview:-1"},"canonical":"http:\/\/thomasfischer.at\/wordpress\/vaeter-coaching\/","og_locale":"de_DE","og_type":"article","og_title":"V\u00e4ter-Coaching - Thomas Fischer % % % % % %","og_description":"Starke V\u00e4ter, starke Kinder ! V\u00e4terberatung online !","og_url":"http:\/\/thomasfischer.at\/wordpress\/vaeter-coaching\/","og_site_name":"Thomas Fischer","article_modified_time":"2024-07-07T21:25:45+00:00","og_image":[{"url":"https:\/\/thomasfischer.at\/wordpress\/wp-content\/uploads\/2024\/07\/pexels-juanpphotoandvideo-1250452-1024x683.jpg"}],"schema":{"@context":"https:\/\/schema.org","@graph":[{"@type":"WebPage","@id":"http:\/\/thomasfischer.at\/wordpress\/vaeter-coaching\/","url":"http:\/\/thomasfischer.at\/wordpress\/vaeter-coaching\/","name":"V\u00e4ter-Coaching - Thomas Fischer % % % % % %","isPartOf":{"@id":"http:\/\/thomasfischer.at\/wordpress\/#website"},"primaryImageOfPage":{"@id":"http:\/\/thomasfischer.at\/wordpress\/vaeter-coaching\/#primaryimage"},"image":{"@id":"http:\/\/thomasfischer.at\/wordpress\/vaeter-coaching\/#primaryimage"},"thumbnailUrl":"https:\/\/thomasfischer.at\/wordpress\/wp-content\/uploads\/2024\/07\/pexels-juanpphotoandvideo-1250452-1024x683.jpg","datePublished":"2024-07-07T19:42:34+00:00","dateModified":"2024-07-07T21:25:45+00:00","description":"Starke V\u00e4ter, starke Kinder ! V\u00e4terberatung online !","breadcrumb":{"@id":"http:\/\/thomasfischer.at\/wordpress\/vaeter-coaching\/#breadcrumb"},"inLanguage":"de","potentialAction":[{"@type":"ReadAction","target":["http:\/\/thomasfischer.at\/wordpress\/vaeter-coaching\/"]}]},{"@type":"ImageObject","inLanguage":"de","@id":"http:\/\/thomasfischer.at\/wordpress\/vaeter-coaching\/#primaryimage","url":"http:\/\/thomasfischer.at\/wordpress\/wp-content\/uploads\/2024\/07\/pexels-juanpphotoandvideo-1250452-scaled.jpg","contentUrl":"http:\/\/thomasfischer.at\/wordpress\/wp-content\/uploads\/2024\/07\/pexels-juanpphotoandvideo-1250452-scaled.jpg","width":2560,"height":1707},{"@type":"BreadcrumbList","@id":"http:\/\/thomasfischer.at\/wordpress\/vaeter-coaching\/#breadcrumb","itemListElement":[{"@type":"ListItem","position":1,"name":"Startseite","item":"http:\/\/thomasfischer.at\/wordpress\/"},{"@type":"ListItem","position":2,"name":"V\u00e4ter-Coaching"}]},{"@type":"WebSite","@id":"http:\/\/thomasfischer.at\/wordpress\/#website","url":"http:\/\/thomasfischer.at\/wordpress\/","name":"Praxis Thomas Fischer","description":"","publisher":{"@id":"http:\/\/thomasfischer.at\/wordpress\/#\/schema\/person\/0750b11a010b564498ba0aa431f36ec0"},"potentialAction":[{"@type":"SearchAction","target":{"@type":"EntryPoint","urlTemplate":"http:\/\/thomasfischer.at\/wordpress\/?s={search_term_string}"},"query-input":{"@type":"PropertyValueSpecification","valueRequired":true,"valueName":"search_term_string"}}],"inLanguage":"de"},{"@type":["Person","Organization"],"@id":"http:\/\/thomasfischer.at\/wordpress\/#\/schema\/person\/0750b11a010b564498ba0aa431f36ec0","name":"Thomas Fischer","image":{"@type":"ImageObject","inLanguage":"de","@id":"http:\/\/thomasfischer.at\/wordpress\/#\/schema\/person\/image\/","url":"http:\/\/2.gravatar.com\/avatar\/26c75301a20a16dd69cb304ec4ada93c?s=96&d=mm&r=g","contentUrl":"http:\/\/2.gravatar.com\/avatar\/26c75301a20a16dd69cb304ec4ada93c?s=96&d=mm&r=g","caption":"Thomas Fischer"},"logo":{"@id":"http:\/\/thomasfischer.at\/wordpress\/#\/schema\/person\/image\/"},"sameAs":["http:\/\/thomasfischer.at"]}]}},"_links":{"self":[{"href":"http:\/\/thomasfischer.at\/wordpress\/wp-json\/wp\/v2\/pages\/437"}],"collection":[{"href":"http:\/\/thomasfischer.at\/wordpress\/wp-json\/wp\/v2\/pages"}],"about":[{"href":"http:\/\/thomasfischer.at\/wordpress\/wp-json\/wp\/v2\/types\/page"}],"author":[{"embeddable":true,"href":"http:\/\/thomasfischer.at\/wordpress\/wp-json\/wp\/v2\/users\/1"}],"replies":[{"embeddable":true,"href":"http:\/\/thomasfischer.at\/wordpress\/wp-json\/wp\/v2\/comments?post=437"}],"version-history":[{"count":11,"href":"http:\/\/thomasfischer.at\/wordpress\/wp-json\/wp\/v2\/pages\/437\/revisions"}],"predecessor-version":[{"id":455,"href":"http:\/\/thomasfischer.at\/wordpress\/wp-json\/wp\/v2\/pages\/437\/revisions\/455"}],"wp:attachment":[{"href":"http:\/\/thomasfischer.at\/wordpress\/wp-json\/wp\/v2\/media?parent=437"}],"curies":[{"name":"wp","href":"https:\/\/api.w.org\/{rel}","templated":true}]}}