{"id":232,"date":"2024-01-12T03:38:27","date_gmt":"2024-01-12T02:38:27","guid":{"rendered":"http:\/\/thomasfischer.at\/wordpress\/?page_id=232"},"modified":"2024-01-21T23:25:11","modified_gmt":"2024-01-21T22:25:11","slug":"reisevorbereitung-der-paar-urlaubs-check","status":"publish","type":"page","link":"http:\/\/thomasfischer.at\/wordpress\/reisevorbereitung-der-paar-urlaubs-check\/","title":{"rendered":"Der Paar-Urlaubs-Check"},"content":{"rendered":"<p style=\"text-align: center;\"><strong>Urlaubszeit \u2013 Trennungszeit?\u00a0<\/strong><\/p>\n<p style=\"text-align: center;\"><strong>Der Paar-Urlaubs-T\u00dcV (oder in \u00d6sterreich: \u201eDas Pickerl\u201c)<\/strong><\/p>\n<p>Es gilt gemeinhin als gesicherte Erkenntnis: Hat die Beziehungssch\u00fcssel bereits einen Sprung, eignet sich der gemeinsame Paarurlaub hervorragend dazu, das gesamte Porzellan zu zerschlagen. Im Alltag angesammelte Konflikte und mangelnde Kommunikation lassen sich auch am sch\u00f6nsten Ort der Welt nicht unterdr\u00fccken. \u00dcberfrachtete Erwartungen f\u00fcr die sch\u00f6nste Zeit des Jahres erzeugen Spannungen und Stress, so dass das Traum-Ressort zum Trennungsbeschleuniger werden kann.<\/p>\n<p>&nbsp;<\/p>\n<p style=\"text-align: center;\"><strong>Mein Urlaubs-T\u00dcV\/Pickerl (im Paar- oder Einzelsetting)<\/strong><\/p>\n<p>Reden wir im Vorfeld \u00fcber:<\/p>\n<ul>\n<li>Individuelle Sehns\u00fcchte und Erwartungen<\/li>\n<li>m\u00f6gliche Gefahren und Stressfaktoren<\/li>\n<li>Themen, die unbedingt im emotionalen Paar-Koffer mit auf die Reise gehen sollten.<\/li>\n<\/ul>\n<p>&nbsp;<\/p>\n<p>&nbsp;<\/p>\n","protected":false},"excerpt":{"rendered":"<p>Urlaubszeit \u2013 Trennungszeit?\u00a0 Der Paar-Urlaubs-T\u00dcV (oder in \u00d6sterreich: \u201eDas Pickerl\u201c) Es gilt gemeinhin als gesicherte Erkenntnis: Hat die Beziehungssch\u00fcssel bereits einen Sprung, eignet sich der gemeinsame Paarurlaub hervorragend dazu, das gesamte Porzellan zu zerschlagen. Im Alltag angesammelte Konflikte und mangelnde Kommunikation lassen sich auch am sch\u00f6nsten Ort der Welt nicht unterdr\u00fccken. \u00dcberfrachtete Erwartungen f\u00fcr die [&hellip;]<\/p>\n","protected":false},"author":1,"featured_media":0,"parent":0,"menu_order":0,"comment_status":"closed","ping_status":"closed","template":"","meta":{"om_disable_all_campaigns":false,"footnotes":""},"class_list":["post-232","page","type-page","status-publish","hentry"],"yoast_head":"<!-- This site is optimized with the Yoast SEO plugin v23.5 - https:\/\/yoast.com\/wordpress\/plugins\/seo\/ -->\n<title>Der Paar-Urlaubs-Check - Thomas Fischer % % % % % %<\/title>\n<meta name=\"description\" content=\"Im Alltag getrennt-im Urlaub vereint: Geht das gut? Halten wir uns aus ? Urlaubszeit-Trennungszeit: Der ultimative Paar-Urlaubs-Check. Info: +436801421285\" \/>\n<meta name=\"robots\" content=\"index, follow, max-snippet:-1, max-image-preview:large, max-video-preview:-1\" \/>\n<link rel=\"canonical\" href=\"http:\/\/thomasfischer.at\/wordpress\/reisevorbereitung-der-paar-urlaubs-check\/\" \/>\n<meta property=\"og:locale\" content=\"de_DE\" \/>\n<meta property=\"og:type\" content=\"article\" \/>\n<meta property=\"og:title\" content=\"Der Paar-Urlaubs-Check - Thomas Fischer % % % % % %\" \/>\n<meta property=\"og:description\" content=\"Im Alltag getrennt-im Urlaub vereint: Geht das gut? Halten wir uns aus ? Urlaubszeit-Trennungszeit: Der ultimative Paar-Urlaubs-Check. Info: +436801421285\" \/>\n<meta property=\"og:url\" content=\"http:\/\/thomasfischer.at\/wordpress\/reisevorbereitung-der-paar-urlaubs-check\/\" \/>\n<meta property=\"og:site_name\" content=\"Thomas Fischer\" \/>\n<meta property=\"article:modified_time\" content=\"2024-01-21T22:25:11+00:00\" \/>\n<script type=\"application\/ld+json\" class=\"yoast-schema-graph\">{\"@context\":\"https:\/\/schema.org\",\"@graph\":[{\"@type\":\"WebPage\",\"@id\":\"http:\/\/thomasfischer.at\/wordpress\/reisevorbereitung-der-paar-urlaubs-check\/\",\"url\":\"http:\/\/thomasfischer.at\/wordpress\/reisevorbereitung-der-paar-urlaubs-check\/\",\"name\":\"Der Paar-Urlaubs-Check - Thomas Fischer % % % % % %\",\"isPartOf\":{\"@id\":\"http:\/\/thomasfischer.at\/wordpress\/#website\"},\"datePublished\":\"2024-01-12T02:38:27+00:00\",\"dateModified\":\"2024-01-21T22:25:11+00:00\",\"description\":\"Im Alltag getrennt-im Urlaub vereint: Geht das gut? Halten wir uns aus ? Urlaubszeit-Trennungszeit: Der ultimative Paar-Urlaubs-Check. Info: +436801421285\",\"breadcrumb\":{\"@id\":\"http:\/\/thomasfischer.at\/wordpress\/reisevorbereitung-der-paar-urlaubs-check\/#breadcrumb\"},\"inLanguage\":\"de\",\"potentialAction\":[{\"@type\":\"ReadAction\",\"target\":[\"http:\/\/thomasfischer.at\/wordpress\/reisevorbereitung-der-paar-urlaubs-check\/\"]}]},{\"@type\":\"BreadcrumbList\",\"@id\":\"http:\/\/thomasfischer.at\/wordpress\/reisevorbereitung-der-paar-urlaubs-check\/#breadcrumb\",\"itemListElement\":[{\"@type\":\"ListItem\",\"position\":1,\"name\":\"Startseite\",\"item\":\"http:\/\/thomasfischer.at\/wordpress\/\"},{\"@type\":\"ListItem\",\"position\":2,\"name\":\"Der Paar-Urlaubs-Check\"}]},{\"@type\":\"WebSite\",\"@id\":\"http:\/\/thomasfischer.at\/wordpress\/#website\",\"url\":\"http:\/\/thomasfischer.at\/wordpress\/\",\"name\":\"Praxis Thomas Fischer\",\"description\":\"\",\"publisher\":{\"@id\":\"http:\/\/thomasfischer.at\/wordpress\/#\/schema\/person\/0750b11a010b564498ba0aa431f36ec0\"},\"potentialAction\":[{\"@type\":\"SearchAction\",\"target\":{\"@type\":\"EntryPoint\",\"urlTemplate\":\"http:\/\/thomasfischer.at\/wordpress\/?s={search_term_string}\"},\"query-input\":{\"@type\":\"PropertyValueSpecification\",\"valueRequired\":true,\"valueName\":\"search_term_string\"}}],\"inLanguage\":\"de\"},{\"@type\":[\"Person\",\"Organization\"],\"@id\":\"http:\/\/thomasfischer.at\/wordpress\/#\/schema\/person\/0750b11a010b564498ba0aa431f36ec0\",\"name\":\"Thomas Fischer\",\"image\":{\"@type\":\"ImageObject\",\"inLanguage\":\"de\",\"@id\":\"http:\/\/thomasfischer.at\/wordpress\/#\/schema\/person\/image\/\",\"url\":\"http:\/\/2.gravatar.com\/avatar\/26c75301a20a16dd69cb304ec4ada93c?s=96&d=mm&r=g\",\"contentUrl\":\"http:\/\/2.gravatar.com\/avatar\/26c75301a20a16dd69cb304ec4ada93c?s=96&d=mm&r=g\",\"caption\":\"Thomas Fischer\"},\"logo\":{\"@id\":\"http:\/\/thomasfischer.at\/wordpress\/#\/schema\/person\/image\/\"},\"sameAs\":[\"http:\/\/thomasfischer.at\"]}]}<\/script>\n<!-- \/ Yoast SEO plugin. -->","yoast_head_json":{"title":"Der Paar-Urlaubs-Check - Thomas Fischer % % % % % %","description":"Im Alltag getrennt-im Urlaub vereint: Geht das gut? Halten wir uns aus ? Urlaubszeit-Trennungszeit: Der ultimative Paar-Urlaubs-Check. Info: +436801421285","robots":{"index":"index","follow":"follow","max-snippet":"max-snippet:-1","max-image-preview":"max-image-preview:large","max-video-preview":"max-video-preview:-1"},"canonical":"http:\/\/thomasfischer.at\/wordpress\/reisevorbereitung-der-paar-urlaubs-check\/","og_locale":"de_DE","og_type":"article","og_title":"Der Paar-Urlaubs-Check - Thomas Fischer % % % % % %","og_description":"Im Alltag getrennt-im Urlaub vereint: Geht das gut? Halten wir uns aus ? Urlaubszeit-Trennungszeit: Der ultimative Paar-Urlaubs-Check. Info: +436801421285","og_url":"http:\/\/thomasfischer.at\/wordpress\/reisevorbereitung-der-paar-urlaubs-check\/","og_site_name":"Thomas Fischer","article_modified_time":"2024-01-21T22:25:11+00:00","schema":{"@context":"https:\/\/schema.org","@graph":[{"@type":"WebPage","@id":"http:\/\/thomasfischer.at\/wordpress\/reisevorbereitung-der-paar-urlaubs-check\/","url":"http:\/\/thomasfischer.at\/wordpress\/reisevorbereitung-der-paar-urlaubs-check\/","name":"Der Paar-Urlaubs-Check - Thomas Fischer % % % % % %","isPartOf":{"@id":"http:\/\/thomasfischer.at\/wordpress\/#website"},"datePublished":"2024-01-12T02:38:27+00:00","dateModified":"2024-01-21T22:25:11+00:00","description":"Im Alltag getrennt-im Urlaub vereint: Geht das gut? Halten wir uns aus ? Urlaubszeit-Trennungszeit: Der ultimative Paar-Urlaubs-Check. Info: +436801421285","breadcrumb":{"@id":"http:\/\/thomasfischer.at\/wordpress\/reisevorbereitung-der-paar-urlaubs-check\/#breadcrumb"},"inLanguage":"de","potentialAction":[{"@type":"ReadAction","target":["http:\/\/thomasfischer.at\/wordpress\/reisevorbereitung-der-paar-urlaubs-check\/"]}]},{"@type":"BreadcrumbList","@id":"http:\/\/thomasfischer.at\/wordpress\/reisevorbereitung-der-paar-urlaubs-check\/#breadcrumb","itemListElement":[{"@type":"ListItem","position":1,"name":"Startseite","item":"http:\/\/thomasfischer.at\/wordpress\/"},{"@type":"ListItem","position":2,"name":"Der Paar-Urlaubs-Check"}]},{"@type":"WebSite","@id":"http:\/\/thomasfischer.at\/wordpress\/#website","url":"http:\/\/thomasfischer.at\/wordpress\/","name":"Praxis Thomas Fischer","description":"","publisher":{"@id":"http:\/\/thomasfischer.at\/wordpress\/#\/schema\/person\/0750b11a010b564498ba0aa431f36ec0"},"potentialAction":[{"@type":"SearchAction","target":{"@type":"EntryPoint","urlTemplate":"http:\/\/thomasfischer.at\/wordpress\/?s={search_term_string}"},"query-input":{"@type":"PropertyValueSpecification","valueRequired":true,"valueName":"search_term_string"}}],"inLanguage":"de"},{"@type":["Person","Organization"],"@id":"http:\/\/thomasfischer.at\/wordpress\/#\/schema\/person\/0750b11a010b564498ba0aa431f36ec0","name":"Thomas Fischer","image":{"@type":"ImageObject","inLanguage":"de","@id":"http:\/\/thomasfischer.at\/wordpress\/#\/schema\/person\/image\/","url":"http:\/\/2.gravatar.com\/avatar\/26c75301a20a16dd69cb304ec4ada93c?s=96&d=mm&r=g","contentUrl":"http:\/\/2.gravatar.com\/avatar\/26c75301a20a16dd69cb304ec4ada93c?s=96&d=mm&r=g","caption":"Thomas Fischer"},"logo":{"@id":"http:\/\/thomasfischer.at\/wordpress\/#\/schema\/person\/image\/"},"sameAs":["http:\/\/thomasfischer.at"]}]}},"_links":{"self":[{"href":"http:\/\/thomasfischer.at\/wordpress\/wp-json\/wp\/v2\/pages\/232"}],"collection":[{"href":"http:\/\/thomasfischer.at\/wordpress\/wp-json\/wp\/v2\/pages"}],"about":[{"href":"http:\/\/thomasfischer.at\/wordpress\/wp-json\/wp\/v2\/types\/page"}],"author":[{"embeddable":true,"href":"http:\/\/thomasfischer.at\/wordpress\/wp-json\/wp\/v2\/users\/1"}],"replies":[{"embeddable":true,"href":"http:\/\/thomasfischer.at\/wordpress\/wp-json\/wp\/v2\/comments?post=232"}],"version-history":[{"count":5,"href":"http:\/\/thomasfischer.at\/wordpress\/wp-json\/wp\/v2\/pages\/232\/revisions"}],"predecessor-version":[{"id":377,"href":"http:\/\/thomasfischer.at\/wordpress\/wp-json\/wp\/v2\/pages\/232\/revisions\/377"}],"wp:attachment":[{"href":"http:\/\/thomasfischer.at\/wordpress\/wp-json\/wp\/v2\/media?parent=232"}],"curies":[{"name":"wp","href":"https:\/\/api.w.org\/{rel}","templated":true}]}}